eatest common factor of 3 and l.
3
Suppose 0 = -2*r + 21 + 171. Let f(w) = w**3 + 9*w**2 + 8*w + 5. Let z be f(-8). Suppose z*v - 140 + 20 = 0. What is the greatest common factor of r and v?
24
Let g be 2985/75 - (-1)/5. Calculate the highest common factor of 16 and g.
8
Let l(z) = 14*z**3 - 2*z + 1. Let k be l(1). Let p = 21 - k. What is the greatest common factor of p and 12?
4
Let y = -110 - -180. Suppose -2*j + 4 = 0, 0 = -0*x - 2*x - 3*j + y. What is the highest common divisor of x and 8?
8
Suppose -2*n - 6 = -5*n. Suppose -n*q - 3*q + 45 = 0. Let f(w) = -21*w. Let t be f(-3). What is the highest common factor of t and q?
9
Let m(w) = 3*w - 12. Let a be m(8). What is the highest common divisor of 12 and a?
12
Let z(p) = -10*p - 5. Suppose 3*d - i = -10, 0 = -4*d + 4*i - 7*i - 22. Let x be z(d). Calculate the highest common divisor of 5 and x.
5
Suppose -96 = -5*h - p, h + 13 = 2*p + 41. Let s = 3 - -2. Suppose -6*b = -b, -s*c + 1100 = b. Calculate the highest common divisor of c and h.
20
Let n be ((-66)/18)/(1/(-3)). Calculate the highest common factor of n and 22.
11
Let k(n) = 4*n - 1. Let q be k(1). Suppose 60 = l + q*l. What is the greatest common divisor of 15 and l?
15
Suppose 0*x + 23 = x - 2*t, -69 = -3*x - 2*t. Calculate the greatest common factor of x and 46.
23
Suppose 5*o - 4*b = -25, -25 = 5*o + 7*b - 2*b. Let t(x) = x**2 - 5*x + 6. Let w be t(o). What is the highest common factor of w and 7?
7
Let i(n) = n + 14. Suppose -5*u = -9 + 44. Let b be i(u). What is the highest common divisor of 7 and b?
7
Let m(n) = -n**3 - 7*n**2 + 10*n - 14. Let j be m(-10). Suppose 5*i = j + 714. What is the highest common divisor of i and 20?
20
Suppose 5*y + 5 = 4*t, -3*t = -t - 4*y + 2. Suppose -6*w = -5*w - 55. What is the greatest common divisor of w and t?
5
Let z(p) = -p**2 + 5*p - 3. Let j be z(3). Suppose -j*b + 4*x = -38, -4*x - 28 = -2*b - 0*x. What is the highest common factor of 50 and b?
10
Let g(l) = 3*l**2 - 4*l - 8. Let n be g(6). Suppose -5*i - n = -5*o + 104, -o + 36 = i. What is the highest common divisor of o and 12?
12
Suppose 0 = l + 3*v - 22, -5*l - 4 = -6*l + 3*v. What is the highest common divisor of l and 91?
13
Suppose 16 + 32 = 3*d. What is the greatest common factor of d and 48?
16
Let v(q) = q**2 - 5*q - 2. Let j be v(7). Let s be -3 - 5/((-20)/28). Calculate the highest common factor of s and j.
4
Let k(l) = -5*l - 10. Let g be k(-9). Suppose 2*z - 16 = 6*z, -2*z - 16 = -4*r. Let w be (-6)/r*10/(-6). What is the greatest common factor of w and g?
5
Suppose 8 + 7 = 3*s. Let x = s + 16. Calculate the greatest common factor of 14 and x.
7
Let k be 36*1 + (0 - 0). Suppose 0 = -3*c, -h - 12 = -5*h + c. Suppose -3*r + 4*u = r - k, 2*u = h*r - 23. Calculate the highest common divisor of r and 25.
5
Let b(s) = s**2 - 9*s + 13. Let p be b(10). Calculate the greatest common divisor of p and 23.
23
Let c(r) = -5*r. Let f be c(-7). Suppose -f = -2*n + n. Let j(m) = -m**2 - 11*m - 4. Let v be j(-9). Calculate the greatest common divisor of n and v.
7
Let a be (9 + -10)/(-1 + 36/38). What is the greatest common factor of a and 19?
19
Suppose -2*m = 3*m - 3*p - 50, 3*m - 49 = -2*p. Calculate the greatest common divisor of m and 117.
13
Suppose 2*n = -2*n. Suppose -5*i + 4*v + 98 = n, -4*i - 24 + 106 = -5*v. Suppose 43*t = 28*t + 2430. Calculate the greatest common divisor of i and t.
18
Let i = -32 + 15. Let o = 26 + i. What is the highest common divisor of 27 and o?
9
Let d(p) = p**2 + 15. Let x be d(0). Let v be (-2)/((-2 - -6)/(-12)). Calculate the greatest common divisor of x and v.
3
Let b(v) = -v**3 - 9*v**2 - 2*v + 10. Let g = 1 + 1. Let l be (g - 1)*(-6 + -3). Let z be b(l). What is the highest common factor of 70 and z?
14
Suppose 5*h - 26 = -3*j, 3*h + 0*h = 12. Suppose -j*p - 13 = -43. Calculate the greatest common divisor of p and 30.
15
Let m = -6 - -8. Suppose 2*l = -2*l + 4. Suppose 4*n + l = 9. What is the greatest common divisor of m and n?
2
Let m be -12*(-2)/(7 - -1). What is the highest common factor of m and 48?
3
Suppose -3*r + 78 = -66. Suppose 3*i - r = -i. What is the highest common factor of 108 and i?
12
Suppose 2*v + 8 = 0, 0 = 4*t - 3*t + v - 6. What is the greatest common divisor of t and 70?
10
Suppose 5*u + 5*r = 60, 5*r - r - 57 = -5*u. Let n = u - -66. What is the greatest common factor of n and 30?
15
Let b = -13 + 3. Let g = -5 - b. What is the greatest common factor of 40 and g?
5
Let s be ((-6)/5)/((-1)/25 - 0). Calculate the highest common divisor of 12 and s.
6
Let w = 11 + -8. Suppose 4*k - 28 = -u, 2*u - 30 = -4*k - 6. Suppose -5*i - k = -5*b + 3*b, 4*b + 5*i - 46 = 0. What is the highest common divisor of b and w?
3
Let u = 18 - 15. What is the highest common divisor of u and 9?
3
Let n(x) = -2*x - 13. Let t be n(-11). Let l = 7 + t. What is the greatest common divisor of l and 2?
2
Suppose c = 2*z - 5*z + 1, 5*z - 2 = -2*c. Suppose 0 = 2*g + 2*g - 16, 4*g = 3*u + 4. Let n = u + c. What is the greatest common factor of n and 50?
5
Suppose -5*b + j + 228 = -209, -4*b - 2*j + 344 = 0. Calculate the greatest common factor of b and 29.
29
Suppose -56 = 3*w - 221. What is the greatest common divisor of 5 and w?
5
Suppose -o + 3 = 0, -5*w + o = -3*o - 1668. Calculate the greatest common factor of 42 and w.
42
Let y = 17 - -5. What is the highest common factor of 2 and y?
2
Suppose -17 = -3*d + 1. Calculate the highest common divisor of 6 and d.
6
Let n(g) = -g**3 + 9*g**2 + 13*g - 14. Let x be n(10). What is the greatest common factor of x and 144?
16
Let k = -31 - -121. What is the greatest common divisor of k and 18?
18
Let o(p) = p**3 - 4*p**2 + 9. Let j be o(4). What is the highest common factor of 36 and j?
9
Let y be ((-32)/(-20))/((-2)/(-15)). Suppose -a = -y - 10. What is the greatest common factor of 2 and a?
2
Let u = -9 + 23. Let q be (-26)/(-2) - (-4)/4. What is the highest common factor of u and q?
14
Suppose 12 = -5*x + 2*x, -3*l - 4*x - 28 = 0. Let b = -3 - l. Let g be (6/21)/(4/56). What is the greatest common factor of b and g?
1
Suppose 178 = k + 3*y, -5*k + y - 3*y = -903. Suppose 7*g - 85 = k. What is the greatest common divisor of 57 and g?
19
Let s be (24/(-10))/(6 - (-246)/(-40)). Calculate the greatest common factor of 176 and s.
16
Suppose -24 = -7*g + 3*g. Let v = 3 + g. What is the greatest common divisor of 45 and v?
9
Suppose 3*r + 0*r + 18 = 0. Let t be ((-2)/(-4))/((-3)/r). Suppose -t = 2*f - 5. Calculate the greatest common divisor of 2 and f.
2
Let p be (-2 - (-59)/(-2))*46/(-69). What is the highest common factor of p and 9?
3
Let l(r) = -14*r + 3. Let s be l(-3). Suppose 3*z - 10 - 26 = 3*n, -5*n - 42 = -3*z. Calculate the greatest common divisor of z and s.
9
Let k(z) = 8*z - 32. Let m be k(7). Calculate the highest common divisor of m and 84.
12
Suppose 3*z = 2*z - 15. Let l = 1 - z. Let u be (3 + -2)/(-1) - -9. Calculate the greatest common divisor of l and u.
8
Let y(k) = 2*k**2 - 2*k - 1. Let c be y(-5). Suppose -3*f - 14 = -c. Let n be 3/f - (-224)/5. Calculate the greatest common factor of 9 and n.
9
Let z(p) = -2*p - 2. Let q be z(2). Let a be (0 - 1)/(q/30). Suppose a*t - 2*g - 93 + 25 = 0, 3*t + 3*g = 24. Calculate the greatest common divisor of t and 96.
12
Let f = 191 - 110. Suppose -5*h = -f - 9. Calculate the greatest common factor of h and 6.
6
Let u be (-17)/(-3) - (-2)/(-3). Suppose -5*q - u*o + 11 + 4 = 0, -5*o = 0. Suppose -4 = -q*g - g. What is the greatest common divisor of 1 and g?
1
Let m be (15/10)/(6/(-88)). Let c be (m/(-2))/(1/2). What is the greatest common divisor of 33 and c?
11
Suppose 0 = -4*j - v + 196, 4*j - 172 = -2*v + 7*v. Calculate the highest common divisor of j and 16.
16
Let k be ((-7)/(-2))/(1/34). Suppose d + k - 389 = 0. Suppose 3*v + 2*o - d = -v, 5*v = 2*o + 324. Calculate the greatest common factor of v and 6.
6
Suppose 0 = 4*v - 44 - 12. Calculate the highest common divisor of 84 and v.
14
Suppose -a = 188 + 35. Let t be (34/2)/((-2)/(-38)). Let o = t + a. Calculate the greatest common factor of o and 10.
10
Suppose 8*y = 5*y + 48. Let d = y + -3. Calculate the highest common factor of 26 and d.
13
Let r = 84 + -39. Suppose 0 = d - 5*d + 36. Calculate the highest common divisor of d and r.
9
Let s(m) = 3*